312.
39
What is the highest common factor of 105 and 490?
35
What is the greatest common factor of 945 and 35?
35
What is the greatest common factor of 1564 and 23?
23
What is the highest common factor of 192 and 3?
3
What is the highest common divisor of 19 and 589?
19
Calculate the greatest common divisor of 30 and 800.
10
Calculate the greatest common divisor of 14 and 28.
14
What is the greatest common factor of 333 and 63?
9
What is the highest common factor of 92 and 667?
23
What is the highest common factor of 1650 and 66?
66
What is the highest common divisor of 41 and 12013?
41
What is the greatest common factor of 148 and 28?
4
What is the greatest common divisor of 13 and 104?
13
Calculate the greatest common factor of 336 and 210.
42
Calculate the highest common divisor of 1256 and 56.
8
What is the greatest common divisor of 225 and 200?
25
What is the highest common divisor of 57 and 9?
3
What is the highest common factor of 155 and 899?
31
What is the highest common divisor of 24 and 204?
12
Calculate the greatest common divisor of 1180 and 340.
20
Calculate the greatest common divisor of 134 and 469.
67
What is the highest common factor of 1161 and 43?
43
What is the highest common divisor of 2115 and 15?
15
What is the highest common factor of 38 and 3154?
38
Calculate the highest common divisor of 4453 and 61.
61
Calculate the highest common factor of 3 and 699.
3
What is the highest common factor of 90 and 10?
10
Calculate the highest common factor of 261 and 29.
29
What is the highest common factor of 2810 and 10?
10
Calculate the greatest common divisor of 80 and 21520.
80
What is the highest common divisor of 377 and 29?
29
Calculate the highest common divisor of 40 and 136.
8
Calculate the highest common factor of 147 and 147.
147
Calculate the greatest common divisor of 3127 and 53.
53
Calculate the highest common factor of 54 and 2646.
54
What is the greatest common factor of 110 and 70?
10
Calculate the highest common factor of 3610 and 570.
190
Calculate the greatest common divisor of 4 and 20.
4
What is the highest common divisor of 27234 and 178?
178
What is the greatest common factor of 280 and 252?
28
Calculate the greatest common divisor of 660 and 270.
30
Calculate the greatest common factor of 2720 and 8.
8
What is the greatest common divisor of 824 and 39964?
412
What is the highest common divisor of 164 and 205?
41
What is the highest common divisor of 480 and 15?
15
What is the highest common factor of 310 and 3658?
62
What is the greatest common divisor of 1311 and 456?
57
Calculate the greatest common factor of 43 and 559.
43
What is the highest common factor of 702 and 12?
6
Calculate the greatest common factor of 183 and 244.
61
What is the greatest common divisor of 156 and 26?
26
What is the greatest common divisor of 112 and 752?
16
What is the highest common factor of 14 and 322?
14
Calculate the greatest common factor of 370 and 50.
10
Calculate the greatest common factor of 118 and 11918.
118
Calculate the highest common factor of 8430 and 30.
30
Calculate the greatest common factor of 2009 and 82.
41
What is the highest common factor of 320 and 260?
20
Calculate the greatest common factor of 1397 and 1016.
127
What is the highest common divisor of 230 and 184?
46
Calculate the highest common factor of 4416 and 12.
12
Calculate the greatest common factor of 324 and 72.
36
Calculate the highest common divisor of 83 and 249.
83
What is the greatest common factor of 16 and 12?
4
Calculate the highest common divisor of 539 and 231.
77
What is the highest common divisor of 12 and 108?
12
What is the highest common divisor of 68 and 20?
4
Calculate the highest common divisor of 60 and 600.
60
What is the greatest common divisor of 40 and 90?
10
Calculate the highest common factor of 6120 and 45.
45
What is the greatest common factor of 81 and 1863?
81
What is the greatest common divisor of 3 and 11?
1
What is the highest common divisor of 616 and 14?
14
What is the greatest common divisor of 160 and 32?
32
What is the greatest common factor of 41 and 20500?
41
What is the highest common factor of 132 and 9537?
33
What is the highest common factor of 1863 and 23?
23
Calculate the highest common factor of 210 and 6020.
70
What is the greatest common factor of 290 and 50?
10
Calculate the greatest common divisor of 28 and 12.
4
What is the highest common factor of 7360 and 1040?
80
Calculate the highest common factor of 882 and 18.
18
Calculate the greatest common factor of 26 and 2.
2
Calculate the highest common divisor of 180 and 20.
20
Calculate the greatest common divisor of 121 and 1.
1
What is the greatest common factor of 21801 and 86?
43
Calculate the highest common factor of 32 and 56864.
32
Calculate the highest common divisor of 732 and 12.
12
Calculate the greatest common divisor of 275 and 1133.
11
Calculate the highest common factor of 355 and 1917.
71
What is the highest common factor of 2812 and 37?
37
What is the greatest common factor of 12 and 5532?
12
Calculate the highest common factor of 768 and 12.
12
What is the greatest common divisor of 3933 and 171?
171
Calculate the highest common divisor of 84 and 102.
6
Calculate the highest common factor of 22 and 2167.
11
What is the highest common divisor of 8568 and 48?
24
Calculate the greatest common divisor of 64352 and 32.
32
What is the highest common factor of 44 and 110?
22
What is the highest common factor of 1089 and 297?
99
Calculate the highest common divisor of 34398 and 78.
78
What is the highest common factor of 13 and 1157?
13
Calculate the greatest common factor of 36 and 204.
12
What is the greatest common divisor of 9053 and 11?
11
What is the highest common factor of 27 and 93?
3
Calculate the greatest common factor of 874 and 494.
38
What is the greatest common factor of 2 and 6218?
2
What is the highest common factor of 888 and 24?
24
Calculate the highest common factor of 1768 and 51.
17
What is the greatest common divisor of 39 and 624?
39
What is the highest common divisor of 33 and 55?
11
Calculate the highest common factor of 110 and 495.
55
What is the highest common divisor of 516 and 36?
12
Calculate the greatest common divisor of 12 and 48.
12
What is the highest common divisor of 259 and 49?
7
Calculate the greatest common divisor of 1 and 89.
1
Calculate the highest common factor of 5 and 245.
5
What is the greatest common divisor of 9 and 63?
9
What is the highest common factor of 8013 and 3?
3
What is the greatest common factor of 375 and 55?
5
What is the highest common factor of 14 and 427?
7
What is the greatest common divisor of 1054 and 217?
31
What is the greatest common divisor of 260 and 325?
65
Calculate the greatest common divisor of 156 and 300.
12
What is the greatest common divisor of 96 and 12?
12
Calculate the highest common factor of 185 and 222.
37
What is the greatest common divisor of 41 and 451?
41
Calculate the greatest common factor of 35 and 5.
5
What is the greatest common divisor of 149 and 24883?
149
Calculate the highest common factor of 212 and 4558.
106
Calculate the greatest common factor of 31 and 527.
31
Calculate the greatest common divisor of 1196 and 13.
13
What is the greatest common divisor of 12 and 1380?
12
What is the greatest common divisor of 10 and 6?
2
What is the highest common factor of 1722 and 42?
42
Calculate the highest common factor of 15 and 135.
15
Calculate the highest common divisor of 480 and 270.
30
Calculate the highest common factor of 4809 and 21.
21
Calculate the greatest common factor of 18 and 846.
18
Calculate the greatest common factor of 891 and 9.
9
Calculate the highest common divisor of 4619 and 62.
31
Calculate the greatest common divisor of 266 and 28.
14
What is the highest common factor of 24 and 24?
24
What is the highest common divisor of 1643 and 124?
31
Calculate the greatest common divisor of 350 and 168.
14
What is the highest common factor of 2884 and 28?
28
What is the highest common factor of 10760 and 60?
20
Calculate the greatest common factor of 2064 and 645.
129
Calculate the highest common divisor of 2097 and 9.
9
Calculate the greatest common factor of 30 and 402.
6
Calculate the greatest common divisor of 189 and